on factor of 117 and j?
39
Suppose -4*q + 4 = -2*z + 698, -q = 2*z - 684. What is the greatest common divisor of 91 and z?
7
Let o(u) = -u**3 + 8*u**2 - 9*u + 16. Let z be 1*-1 + (-11 - -14). Let d = z + 5. Let s be o(d). Calculate the greatest common factor of 5 and s.
1
Suppose -4*h + 2*z = -460, 230 = 2*h + 3*z + 2*z. Let n = h + -88. What is the greatest common divisor of n and 63?
9
Let p be ((8 + -3)*71)/(110/(-264)*-6). Calculate the highest common divisor of p and 3692.
142
Suppose 4564 = 35*f + 1834. Let p = 173 - f. Calculate the greatest common divisor of p and 380.
95
Let l be -1*(-3)/(6 - 0)*-206. Let j = -7 - l. Suppose p + 3*p = 48. Calculate the greatest common divisor of j and p.
12
Let t = -1908 - -1917. Calculate the highest common divisor of t and 51.
3
Suppose 0 = -6*s + 13*s - 12138 - 26418. Calculate the greatest common divisor of s and 68.
68
Suppose 5*h + 2*l = 11740, l + 2348 = 2*h - 2348. Suppose -25*c + 402 + h = 0. Calculate the greatest common divisor of 22 and c.
22
Suppose -121*t + 846 = -1332. Calculate the greatest common factor of 546 and t.
6
Let n(o) be the first derivative of 3*o**2/2 - 68*o + 36. Let y be n(23). Let m be (-6)/(-3) - (-18)/2. Calculate the greatest common divisor of y and m.
1
Suppose 17*o - 22*o - 30 = 0, -4*b - o + 27230 = 0. Calculate the highest common factor of 11 and b.
11
Let m(x) = -12*x + 150. Let i be m(11). Let f(c) = 2*c**2 - 28*c + 162. Let g be f(i). Calculate the greatest common divisor of 34 and g.
34
Suppose l - 5*y - 13 = 0, 4*y - 9 = l - 25. Suppose 5*d - 4*f = 69 + 13, 0 = f + 3. Calculate the greatest common factor of d and l.
14
Let q = 42 - 26. Let o(t) = 5*t + 10. Let b be o(q). Let h be 20/b + (-106)/(-9). What is the greatest common divisor of 30 and h?
6
Let n(w) = -1110*w - 1337. Let p be n(-17). Calculate the greatest common factor of 89 and p.
89
Suppose -z - 5*w = -923, 4*w + 153 = 157. What is the greatest common factor of z and 408?
102
Suppose -3*n + 7*n - t - 445 = 0, 2*n - 205 = -3*t. Suppose -5*c - 3*l = -n - 230, c + 2*l = 75. Calculate the greatest common divisor of c and 39.
13
Let s be (1/(-2))/(((-65)/930)/13). Suppose -6*g + 2*g + s = 5*l, 0 = -4*l + 4. Calculate the greatest common factor of g and 198.
22
Let o(g) = 1230*g**3 - 3*g**2 - 2*g + 7. Let s be o(2). Calculate the highest common factor of s and 87.
87
Let b(l) = l**2 + 3*l + 3. Suppose -9*g + 8*g = 5*a + 40, 3*a - 2*g = -11. Let u be b(a). Calculate the greatest common factor of 62 and u.
31
Suppose -17376 = -43*x - 10*x - 2271. What is the greatest common divisor of x and 798?
57
Suppose 0*o - 3*o + 264 = 0. Let i(m) = 34*m + 12*m**2 + m**3 + 45 + 40*m - 58*m + 21. Let r be i(-11). What is the highest common factor of o and r?
11
Let y be (-13)/(-2) + (-18)/12. Let q be 1*(y + (-2 - 2)). Suppose -5*x + 1 = -4*x. What is the highest common divisor of q and x?
1
Let v = 438 - 254. Let d be (v/10 - 3)/(12/60). What is the greatest common factor of d and 11?
11
Suppose 46*s = l + 42*s - 48, -3*l = -5*s - 130. What is the greatest common divisor of 445 and l?
5
Suppose -5*v = -42*f + 46*f - 11517, 2*f + 11499 = 5*v. What is the highest common factor of v and 177?
177
Suppose 192 = o - 1029*x + 1024*x, 0 = -4*o + 4*x + 816. What is the highest common divisor of o and 2898?
207
Let a = 357 + -359. Let m be (-24)/a - (-18 - 6)/6. What is the greatest common divisor of m and 656?
16
Let o = -97 + 106. Let g be (o + -10)*(-4 - 2). Let p(k) = -k**3 + 8*k**2 - 8*k + 9. Let j be p(g). Calculate the highest common divisor of 22 and j.
11
Let w = 371 + -364. Let g = 1813 - 756. Calculate the highest common factor of g and w.
7
Suppose -60 = -21*n + 18*n. Suppose 4*k - 9*k = n. Let s be 7 - (k - (-8 - -1)). What is the greatest common factor of s and 8?
4
Let f = -149 - -113. Let p be f/8*(-12)/9. Calculate the greatest common divisor of 48 and p.
6
Let k(q) = 42*q**2 - 31*q + 29. Let v be k(1). Suppose 5*c = -0*c + 80. Suppose 0*r + c = r. What is the greatest common divisor of r and v?
8
Let d(i) = 14*i - 27. Let g = 39 - 27. Let l be d(g). Suppose 3*a + 5*m - 42 = 58, m = 4*a - l. What is the highest common factor of 5 and a?
5
Suppose -4*b + 30*h + 352 = 33*h, 3*b + 3*h - 267 = 0. Suppose -48 = -3*g + 3*w, -2*g + 3*w + 30 = -w. What is the greatest common factor of b and g?
17
Let s(u) = 120*u + 13. Let v(b) = -2*b**2 + 14*b + 1. Let i be v(7). Let d be s(i). Suppose -3*r - 2*r + 95 = 0. What is the greatest common divisor of r and d?
19
Let v(a) = a**2 - 4*a - 3. Let t(j) = -j**2 + 12*j - 19. Let d be t(11). Let q be v(d). Calculate the greatest common factor of q and 124.
31
Let d = -1004 + 4235. Suppose -3*o - 3*p + d = -231, 0 = -2*o + 4*p + 2314. What is the highest common divisor of 35 and o?
35
Suppose 0 = 2*m + 19*m - 42. Suppose -3*g - 11*r = -6*r - 14, m*r = 2*g - 4. Suppose q - 54 = -q. What is the greatest common factor of q and g?
3
Let w(q) = -37*q + 3265. Let b be w(68). What is the greatest common divisor of 21 and b?
7
Let y(w) = 2*w**2 + 2*w - 21. Let b be (2*1)/(3/72). Let q = b - 44. Let r be y(q). What is the highest common factor of 209 and r?
19
Let m(p) = -12*p - 13. Suppose n - 2*o + 13 = 0, -3*o - 3 = 5*n + 23. Let a be m(n). What is the greatest common factor of 355 and a?
71
Let w(x) = -121*x - 684. Let s be w(-6). What is the greatest common factor of s and 11312?
14
Let w(t) = t**3 + 4*t**2 + 3*t + 2. Let k be w(-5). Let p = -37 - k. Let n be p/(3/(0 + 90)). Calculate the greatest common divisor of n and 240.
30
Let h = 5 - -1. Let u = -6322 + 6418. What is the highest common factor of h and u?
6
Let v(l) = -8*l - 9*l**2 + 54 + l**3 + 42 - 128. Let q be v(10). Let d be (-3 - 1845/(-10))*q/(-9). What is the highest common divisor of 22 and d?
22
Let y be ((-10)/7)/(5/(-1435)). Let c be (-280)/(-30) + (-4)/(-6). What is the greatest common divisor of y and c?
10
Let l be (208/10)/((-24)/(-120)). Let c = 216 + l. Calculate the highest common factor of c and 20.
20
Suppose 171*i - 176*i = 3*g - 1881, -9 = 3*i. Calculate the greatest common divisor of 79 and g.
79
Suppose -946*r = -933*r - 364. Suppose -1260 = -9*v + 4*v. What is the highest common factor of r and v?
28
Let c = 267 - 427. Let v = -92 - c. What is the greatest common factor of v and 17?
17
Let p(y) = -y**2 - 47*y - 315. Let a be p(-28). What is the highest common factor of a and 112?
7
Suppose 0 = -10*u - 1251 - 1789. Let z = -262 - u. What is the highest common divisor of z and 6?
6
Let l = 172 - 3. Let w = 303 - l. Let y = -98 + w. What is the highest common factor of y and 12?
12
Let f be ((-828)/(-46))/((-2)/1) - -33. Calculate the highest common factor of f and 5232.
24
Let g be (-7)/((-687)/171 - -4). Let c = -184 - -205. Calculate the highest common factor of g and c.
21
Suppose -3*y + 0*v + 4*v = -86, -5*y = 2*v - 100. Suppose 2*d - 182 = -3*l, 5*l + 5*d = 273 + 17. What is the highest common divisor of l and y?
22
Let p = -47 + 69. Suppose 8*l + 6 - p = 0. Let g be l/5 - 0 - 86594/(-290). Calculate the highest common divisor of g and 13.
13
Suppose -3*p + 277 = 5*q, 4*q + 27*p = 25*p + 222. Calculate the highest common factor of 1358 and q.
14
Let i(w) = -4*w - 35. Suppose 10*m + 82 = -128. Let n be i(m). Calculate the greatest common factor of n and 28.
7
Let m(i) be the second derivative of 2*i**4/3 + 2*i**3/3 - 9*i**2/2 + 62*i. Let j be m(3). Calculate the highest common divisor of 105 and j.
15
Let a(h) be the second derivative of -h**5/20 + h**4/3 + 5*h**3/6 + 5*h**2/2 + 12*h - 2. Let u be a(3). What is the greatest common divisor of u and 2?
1
Let z be -2*(3 + 2)/(-1). Let t = -9321 - -9343. Let b = t - z. What is the greatest common divisor of b and 36?
12
Let o = -1784 + 5162. Suppose -10*x = -o - 6222. Calculate the highest common divisor of x and 30.
30
Suppose h + h + 447 = 3*p, 906 = -4*h + 2*p. Let q = h - -231. Let v = 8 + -7. Calculate the greatest common divisor of q and v.
1
Let h be 0 - 1 - (-99)/3. Let v be ((-2)/h*4)/(2/(-88)). Suppose 0*a + 2*a = 44. What is the highest common divisor of a and v?
11
Let x be (-3)/(60/35)*-28. Let n(q) = q - 2. Let u be n(4). Suppose 4*o + 3*f - 34 = 0, -5*f = u*o - 31 + 7. Calculate the highest common factor of x and o.
7
Suppose -6 = 5*j 